{"id":1247,"date":"2026-01-30T12:05:09","date_gmt":"2026-01-30T12:05:09","guid":{"rendered":"https:\/\/paps3sis.esp550.pt\/santiago\/?post_type=product&#038;p=1247"},"modified":"2026-02-13T11:01:23","modified_gmt":"2026-02-13T11:01:23","slug":"botas-de-futebol-com-lingua-dobravel-para-piso-firme-predator-league","status":"publish","type":"product","link":"https:\/\/paps3sis.esp550.pt\/santiago\/product\/botas-de-futebol-com-lingua-dobravel-para-piso-firme-predator-league\/","title":{"rendered":"Botas de Futebol com L\u00edngua Dobr\u00e1vel para Piso Firme PREDATOR LEAGUE"},"content":{"rendered":"<h3 class=\"description_subtitle__5h3_L\">Botas de futebol com Nanostrike para uma maior precis\u00e3o de remate.<\/h3>\n<p class=\"description_margin__cBW26\">Entra em campo com confian\u00e7a com as botas de futebol com l\u00edngua dobr\u00e1vel para piso firme Predator League. Concebidas para aqueles que se atrevem a dominar, estas botas combinam estilo e desempenho. A parte superior em malha Nanostrike foi concebida para uma suavidade e leveza adicionais, com uma sobreposi\u00e7\u00e3o h\u00e1ptica integrada para uma precis\u00e3o de remate melhorada. A ic\u00f3nica l\u00edngua dobrada cria uma superf\u00edcie de remate suave, enquanto a placa Strikeframe leve a todo o comprimento proporciona uma ader\u00eancia ideal para marcar golos. Fabricadas com um topo em t\u00eaxtil e sint\u00e9tico, estas botas oferecem um ajuste confort\u00e1vel que se adapta \u00e0 forma do teu p\u00e9. O ajuste normal e os atacadores proporcionam uma sensa\u00e7\u00e3o de seguran\u00e7a, para que te possas concentrar no teu jogo. Quando est\u00e1s a jogar em piso firme e a ultrapassar os teus limites, estas botas s\u00e3o a tua companhia. Experimenta o poder da adidas e liberta o teu potencial em campo.<\/p>\n<ul class=\"gl-list vertical-space-small\">\n<li class=\"vertical-space-small\">Ajuste normal<\/li>\n<li class=\"vertical-space-small\">Atacadores<\/li>\n<li class=\"vertical-space-small\">Topo em t\u00eaxtil e sint\u00e9tico<\/li>\n<li class=\"vertical-space-small\">Palmilha em t\u00eaxtil<\/li>\n<li class=\"vertical-space-small\">Sola sint\u00e9tica<\/li>\n<\/ul>\n<ul class=\"gl-list vertical-space-small\">\n<li class=\"vertical-space-small\">L\u00edngua dobrada<\/li>\n<li class=\"vertical-space-small\">Tecnologia STRIKEFRAME<\/li>\n<li class=\"vertical-space-small\">Tecnologia NANOSTRIKE<\/li>\n<li class=\"vertical-space-small\">Cor do artigo: Lucid Red \/ Core Black \/ Cloud White<\/li>\n<li class=\"vertical-space-small\">C\u00f3digo do artigo: JS0422<\/li>\n<\/ul>\n","protected":false},"excerpt":{"rendered":"<p>Botas de futebol com Nanostrike para uma maior precis\u00e3o de remate. Entra em campo com confian\u00e7a com as botas de futebol com l\u00edngua dobr\u00e1vel para piso firme Predator League. Concebidas para aqueles que se atrevem a dominar, estas botas combinam estilo e desempenho. A parte superior em malha Nanostrike foi concebida para uma suavidade e [&hellip;]<\/p>\n","protected":false},"featured_media":1248,"comment_status":"open","ping_status":"closed","template":"","meta":{"zakra_page_container_layout":"customizer","zakra_page_sidebar_layout":"customizer","zakra_remove_content_margin":false,"zakra_sidebar":"customizer","zakra_transparent_header":"customizer","zakra_logo":0,"zakra_main_header_style":"default","zakra_menu_item_color":"","zakra_menu_item_hover_color":"","zakra_menu_item_active_color":"","zakra_menu_active_style":"","zakra_page_header":true},"product_brand":[],"product_cat":[36,24,22],"product_tag":[],"class_list":{"0":"post-1247","1":"product","2":"type-product","3":"status-publish","4":"has-post-thumbnail","6":"product_cat-botasfutebol","7":"product_cat-calcadohomem","8":"product_cat-homem","10":"first","11":"instock","12":"shipping-taxable","13":"purchasable","14":"product-type-variable"},"_links":{"self":[{"href":"https:\/\/paps3sis.esp550.pt\/santiago\/wp-json\/wp\/v2\/product\/1247","targetHints":{"allow":["GET"]}}],"collection":[{"href":"https:\/\/paps3sis.esp550.pt\/santiago\/wp-json\/wp\/v2\/product"}],"about":[{"href":"https:\/\/paps3sis.esp550.pt\/santiago\/wp-json\/wp\/v2\/types\/product"}],"replies":[{"embeddable":true,"href":"https:\/\/paps3sis.esp550.pt\/santiago\/wp-json\/wp\/v2\/comments?post=1247"}],"wp:featuredmedia":[{"embeddable":true,"href":"https:\/\/paps3sis.esp550.pt\/santiago\/wp-json\/wp\/v2\/media\/1248"}],"wp:attachment":[{"href":"https:\/\/paps3sis.esp550.pt\/santiago\/wp-json\/wp\/v2\/media?parent=1247"}],"wp:term":[{"taxonomy":"product_brand","embeddable":true,"href":"https:\/\/paps3sis.esp550.pt\/santiago\/wp-json\/wp\/v2\/product_brand?post=1247"},{"taxonomy":"product_cat","embeddable":true,"href":"https:\/\/paps3sis.esp550.pt\/santiago\/wp-json\/wp\/v2\/product_cat?post=1247"},{"taxonomy":"product_tag","embeddable":true,"href":"https:\/\/paps3sis.esp550.pt\/santiago\/wp-json\/wp\/v2\/product_tag?post=1247"}],"curies":[{"name":"wp","href":"https:\/\/api.w.org\/{rel}","templated":true}]}}